5?
6
What is the tens digit of 5291?
9
What is the thousands digit of 1810?
1
What is the thousands digit of 4510?
4
What is the thousands digit of 3623?
3
What is the thousands digit of 2059?
2
What is the hundreds digit of 7668?
6
What is the thousands digit of 16218?
6
What is the hundreds digit of 69866?
8
What is the hundreds digit of 958?
9
What is the hundreds digit of 17246?
2
What is the hundreds digit of 1086?
0
What is the units digit of 41767?
7
What is the tens digit of 1686?
8
What is the ten thousands digit of 78025?
7
What is the ten thousands digit of 49601?
4
What is the hundreds digit of 68320?
3
What is the tens digit of 5732?
3
What is the tens digit of 849?
4
What is the units digit of 570?
0
What is the ten thousands digit of 117983?
1
What is the hundreds digit of 60549?
5
What is the hundreds digit of 1985?
9
What is the units digit of 1723?
3
What is the units digit of 1645?
5
What is the hundreds digit of 5219?
2
What is the thousands digit of 2888?
2
What is the thousands digit of 4486?
4
What is the units digit of 34049?
9
What is the units digit of 370?
0
What is the tens digit of 4991?
9
What is the hundreds digit of 2932?
9
What is the hundreds digit of 2210?
2
What is the hundreds digit of 868?
8
What is the hundreds digit of 1027?
0
What is the tens digit of 6870?
7
What is the units digit of 67?
7
What is the hundreds digit of 12409?
4
What is the ten thousands digit of 49642?
4
What is the ten thousands digit of 21725?
2
What is the tens digit of 12777?
7
What is the tens digit of 3976?
7
What is the thousands digit of 4506?
4
What is the units digit of 787?
7
What is the units digit of 632?
2
What is the units digit of 203?
3
What is the units digit of 33288?
8
What is the units digit of 18500?
0
What is the units digit of 4873?
3
What is the tens digit of 65149?
4
What is the units digit of 18484?
4
What is the tens digit of 170?
7
What is the units digit of 42006?
6
What is the thousands digit of 62624?
2
What is the tens digit of 2370?
7
What is the hundreds digit of 2200?
2
What is the units digit of 1182?
2
What is the ten thousands digit of 117320?
1
What is the units digit of 2454?
4
What is the units digit of 6166?
6
What is the ten thousands digit of 13185?
1
What is the hundreds digit of 1318?
3
What is the hundreds digit of 96274?
2
What is the hundreds digit of 88346?
3
What is the thousands digit of 6055?
6
What is the hundreds digit of 1124?
1
What is the units digit of 430?
0
What is the tens digit of 11040?
4
What is the tens digit of 499?
9
What is the tens digit of 930?
3
What is the ten thousands digit of 12334?
1
What is the thousands digit of 2629?
2
What is the tens digit of 888?
8
What is the hundreds digit of 785?
7
What is the units digit of 15486?
6
What is the thousands digit of 1059?
1
What is the hundreds digit of 26802?
8
What is the thousands digit of 1766?
1
What is the thousands digit of 13620?
3
What is the thousands digit of 7474?
7
What is the tens digit of 62110?
1
What is the tens digit of 3626?
2
What is the thousands digit of 1048?
1
What is the units digit of 38085?
5
What is the thousands digit of 18252?
8
What is the units digit of 1343?
3
What is the tens digit of 1797?
9
What is the hundreds digit of 24318?
3
What is the units digit of 16?
6
What is the units digit of 69?
9
What is the tens digit of 1153?
5
What is the hundreds digit of 438?
4
What is the tens digit of 8769?
6
What is the tens digit of 51662?
6
What is the units digit of 2416?
6
What is the thousands digit of 70073?
0
What is the units digit of 34217?
7
What is the units digit of 106491?
1
What is the units digit of 1353?
3
What is the tens digit of 15078?
7
What is the hundreds digit of 2804?
8
What is the thousands digit of 37921?
7
What is the tens digit of 65521?
2
What is the thousands digit of 13274?
3
What is the thousands digit of 98617?
8
What is the units digit of 1971?
1
What is the ten thousands digit of 17119?
1
What is the tens digit of 22774?
7
What is the tens digit of 1013?
1
What is the tens digit of 95894?
9
What is the hundreds digit of 26041?
0
What is the units digit of 1092?
2
What is the hundreds digit of 934?
9
What is the hundreds digit of 98971?
9
What is the tens digit of 52069?
6
What is the hundreds digit of 8601?
6
What is the ten thousands digit of 19645?
1
What is the tens digit of 23138?
3
What is the tens digit of 290?
9
What is the tens digit of 84864?
6
What is the tens digit of 329?
2
What is the thousands digit of 21098?
1
What is the hundreds digit of 106946?
9
What is the hundreds digit of 4471?
4
What is the units digit of 18?
8
What is the ten thousands digit of 28405?
2
What is the hundreds digit of 3490?
4
What is the tens digit of 114557?
5
What is the tens digit of 109740?
4
What is the units digit of 5309?
9
What is the ten thousands digit of 82781?
8
What is the hundreds digit of 7369?
3
What is the units digit of 3805?
5
What is the hundreds digit of 211?
2
What is the hundreds digit of 148?
1
What is the thousands digit of 73682?
3
What is the thousands digit of 2160?
2
What is the thousands digit of 18443?
8
What is the units digit of 42367?
7
What is the units digit of 56474?
4
What is the units digit of 10146?
6
What is the hundreds digit of 1884?
8
What is the units digit of 447?
7
What is the hundreds digit of 8245?
2
What is the tens digit of 2279?
7
What is the thousands digit of 6127?
6
What is the units digit of 1811?
1
What is the hundreds digit of 10261?
2
What is the tens digit of 5412?
1
What is the hundreds digit of 18648?
6
What is the tens digit of 15?
1
What is the units digit of 107?
7
What is the units digit of 5?
5
What is the tens digit of 2475?
7
What is the ten thousands digit of 114015?
1
What is the hundreds digit of 1659?
6
What is the tens digit of 593?
9
What is the units digit of 678?
8
What is the units digit of 940?
0
What is the tens digit of 1872?
7
What is the units digit of 468?
8
What is the hundreds digit of 14795?
7
What is the ten thousands digit of 26264?
2
What is the hundreds digit of 24202?
2
What is the tens digit of 52375?
7
What is the units digit of 1185?
5
What is the hundreds digit of 568?
5
What is the thousands digit of 48803?
8
What is the tens digit of 807?
0
What is the units digit of 27255?
5
What is the thousands digit of 2064?
2
What is the units digit of 3925?
5
What is the thousands digit of 11409?
1
What is the tens digit of 295?
9
What is the units digit of 448?
8
What is the tens digit of 2148?
4
What is the tens digit of 7196?
9
What is the thousands digit of 2873?
2
What is the hundreds digit of 261?
2
What is the hundreds digit of 20206?
2
What is the tens digit of 4810?
1
What is the tens digit of 632?
3
What is the thousands digit of 7958?
7
What is the thousands digit of 35438?
5
What is the units digit of 526?
6
What is the units digit of 28842?
2
What is the ten thousands digit of 15850?
1
What is the tens digit of 53687?
8
What is the ten thousands digit of 24164?
2
What is the units digit of 3610?
0
What is the tens digit of 186373?
7
What is the tens digit of 3259?
5
What is the units digit of 3358?
8
What is the units digit of 8560?
0
What is the tens digit of 4023?
2
What is the thousands digit of 7720?
7
What is the units digit of 517?
7
What is the hundreds digit of 12415?
4
What is the tens digit of 314?
1
What is the tens digit of 7085?
8
What is the units digit of 3915?
5
What is the units digit of 38320?
0
What is the tens digit of 1184?
8
What is the units digit of 119?
9
What is the units digit of 105587?
7
What is the thousands digit of 83989?
3
What is the hundreds digit of 4996?
9
What is the hundreds digit of 1160?
1
What is the tens digit of 54770?
7
What is the ten thousands digit of 12481?
1
What is the tens digit of 71358?
5
What is the thousands digit of 3428?
3
What is the tens digit of 1571?
7
What is the ten thousands digit of 126223?
2
What is the hundreds digit of 872?
8
What is the hundreds digit of 2396?
3
What is the tens digit of 1052?
5
What is the tens digit of 63479?
7
What is the hundreds digit of 659?
6
What is the hundreds digit of 70129?
1
What is the tens digit of 38316?
1
What is the hundreds digit of 420?
4
What is the tens digit of